c + 11*c. What is the greatest common factor of c and 5?
5
Suppose 5*s - 44 = s. What is the highest common divisor of 11 and s?
11
Suppose 5*g - 4 = 26. Let c = g + -4. Suppose 0 = -c*h + 14 + 16. Calculate the greatest common divisor of h and 75.
15
Suppose -2*m + 5*a = m + 6, -5*a + 30 = 5*m. Suppose 3*n = 2*n + 33. Calculate the greatest common factor of n and m.
3
Let s(j) = j**2 + 2*j - 6. Let h = -4 - 1. Let i be s(h). Suppose 3*o = -2*o + 225. What is the highest common factor of o and i?
9
Let p(g) = -g**2 + g - 3. Suppose 5*i = 22 - 2. Let j be p(i). Let x = -10 - j. What is the greatest common factor of x and 5?
5
Suppose -h - 5*d = -17, -2*h + 0*h + 5*d = -49. Let c = h + -13. Let i(o) = -3*o - 3. Let l be i(-7). What is the greatest common divisor of c and l?
9
Suppose -f - 35 = -k, f = 3*k + 25 - 138. What is the highest common divisor of k and 117?
39
Let l(b) = 6*b**2 + 7*b + 14. Let p be l(-2). What is the greatest common factor of 18 and p?
6
Let t be (-2*2)/(-2) + 60. Suppose -21*g + 527 = -4*g. Calculate the greatest common factor of t and g.
31
Let v be (475/(-10))/(2/(-4)). Calculate the greatest common factor of v and 38.
19
Suppose 2*o = 4*r - 10, 5*r - 1 = o + 16. Suppose 8 = 4*c - 0. Calculate the greatest common factor of o and c.
1
Suppose -2*u = 4*z - 52, -3*u + 0 = 3*z - 39. Calculate the highest common factor of z and 39.
13
Let i(u) = -u**3 + 7*u**2 + u - 2. Let s be i(6). Suppose -3*y - s = -8*y. Calculate the highest common divisor of y and 4.
4
Let n be (-2 + 1)/((-1)/15*3). Let b(o) = -2*o**2 - o + 6. Let k be b(-6). Let q be (2/3)/((-2)/k). What is the highest common factor of q and n?
5
Suppose 3*y - 7 = 4*f, 0 = 2*f - 7 - 3. Let a = 0 + -4. Let z be (-8)/(-2) + (-92)/a. What is the highest common factor of z and y?
9
Suppose -120 = -2*z + 20. Calculate the highest common factor of z and 14.
14
Suppose -59 = -5*b - 9. Suppose -3*y + 300 = -0*y. Suppose 2*h = -0*h + y. What is the greatest common factor of b and h?
10
Suppose 5*j - 2*o = 50, 0*j + 2*o - 46 = -3*j. What is the highest common factor of 6 and j?
6
Suppose 10 = -0*d + 3*d - 5*l, 2*l - 2 = 0. Suppose -7 = -2*n - n + x, d*n - 2*x = 12. Suppose 9 = 6*a - 87. What is the greatest common divisor of a and n?
2
Suppose 5 - 26 = -o. Let s = o - -15. Calculate the greatest common factor of s and 54.
18
Let n = 0 + 8. Suppose -5*o + 0*l - 2*l = -35, -15 = -3*l. Let f = n - o. What is the highest common factor of 15 and f?
3
Suppose -y - 2 = -2*y. Suppose 4 = -2*t + 2*k, 4*t - y*k = -k + 1. Let m be 6 + t + -4 + 0. Calculate the highest common divisor of m and 21.
3
Suppose -24 = -4*v + 3*v. Let x(n) = 3*n**2 + 4*n + 2. Let h be x(-2). Calculate the greatest common divisor of h and v.
6
Let t = -9 - -1. Let w = t - -16. Calculate the greatest common divisor of 2 and w.
2
Let c = -68 + 143. Suppose 68 + 34 = -a - 3*b, -2*a - 194 = -4*b. Let k = -69 - a. What is the greatest common factor of k and c?
15
Let t(q) = 3*q - 6. Let o be t(4). Let h(b) = -2*b + 12. Let u be h(-9). What is the highest common factor of u and o?
6
Suppose -8*f = -5*q - 3*f + 40, 2*f = 5*q - 49. Let i = -17 - -6. Let u be i/2*(2 - 4). Calculate the greatest common factor of u and q.
11
Suppose 5 = 5*y - 5. Suppose -3*r + 50 = y*r. Let z be 11/2 + 2/(-4). What is the highest common divisor of r and z?
5
Suppose -6*v = -4*v - 16. Suppose 0 = -2*b - 2*b + v. What is the greatest common divisor of 2 and b?
2
Let b(r) be the first derivative of -r**4/4 - 11*r**3/3 - r**2 - 12*r - 3. Let g be b(-11). Calculate the greatest common factor of 50 and g.
10
Let x = -31 - -41. What is the greatest common factor of 110 and x?
10
Let f(s) = 77*s - 1. Let a be f(1). Let b = -44 + a. Let i(x) = 2*x - 2. Let l be i(3). Calculate the highest common divisor of l and b.
4
Suppose -4*f + 20 = a - 12, -5*f = 3*a - 96. What is the highest common divisor of a and 16?
16
Suppose -k - 4*p + 740 = 4*k, 2*k - 5*p - 263 = 0. Suppose -6*x + 36 = -4*x. What is the greatest common divisor of k and x?
18
Suppose 3*d = u + 8*d - 28, 0 = 2*d - 10. Suppose -32 = -h - u*h. Suppose h = -x + 129. What is the greatest common factor of 11 and x?
11
Let y = -54 + 75. Calculate the highest common factor of 7 and y.
7
Let y(z) = -20*z - 56. Let x be y(-7). What is the highest common divisor of x and 28?
28
Suppose 0 = -10*z + 5*z. Suppose -2*x - 118 = -z*y - 4*y, y + 3*x - 33 = 0. Calculate the greatest common factor of 270 and y.
30
Let b(r) be the third derivative of r**6/120 + r**5/12 - 5*r**4/24 + 7*r**3/6 - 2*r**2. Let x be b(-6). What is the highest common divisor of 9 and x?
1
Suppose 4 = -3*x + 2*c + 28, -3*c - 39 = -5*x. What is the highest common factor of x and 15?
3
Suppose -2*i = -5*d + 4*d + 126, 663 = 5*d + i. What is the highest common divisor of 33 and d?
33
Suppose 2*u + 3*u + 2*z = 28, -u = -z - 7. What is the greatest common divisor of u and 15?
3
Let z(j) = -2*j - 14. Let d be z(-10). What is the highest common factor of 4 and d?
2
Suppose -3*m - 11 = -50. Calculate the greatest common factor of m and 247.
13
Let u = -12 + 97. Suppose -8 = -j + 9. What is the greatest common factor of u and j?
17
Let m = 1 - -7. Calculate the highest common divisor of m and 2.
2
Suppose -7*v + 28 = -2*r - 2*v, -2*r = 2*v. Let l = -2 - r. Suppose l*i - 47 - 65 = 0. Calculate the highest common divisor of 7 and i.
7
Let y be 1/(-6) - (-28220)/120. What is the highest common factor of 94 and y?
47
Suppose 3*f + f + 20 = 0, -4*f - 33 = -i. Calculate the greatest common divisor of i and 52.
13
Suppose -h + 12 = h - 3*o, -30 = -5*h - 2*o. Let c be 7/((h/8)/3). Suppose 0 = -5*w + 3*w + 8. What is the highest common divisor of c and w?
4
Let n be 336/10 + (-8)/(-20). Suppose 5*t - 31 = -c, -5*c + t + n - 9 = 0. Calculate the greatest common factor of c and 6.
6
Let m(s) = -s**3 - 7*s**2 - 6*s. Let h be m(-6). Let v = 54 - -18. Suppose h*l - v = -3*l. Calculate the greatest common divisor of 36 and l.
12
Let d = -10 - -16. Calculate the highest common factor of d and 6.
6
Let y be 1964/14 - (-2)/(-7). Suppose 3*g - 157 = y. What is the greatest common factor of g and 9?
9
Let f(p) = 2*p**2 + 4*p - 4. Let a be f(5). Suppose -y + 19 = y + o, -y - 5*o = 4. Let w = -5 + y. Calculate the highest common factor of w and a.
6
Suppose 13*d = 9*d + 320. What is the greatest common divisor of 20 and d?
20
Suppose 6 = 2*n - 0*n. Let o be (-1)/n - 289/(-3). Calculate the highest common divisor of o and 16.
16
Let y(x) be the first derivative of -2 + 8*x + 1/2*x**2. Let n be y(8). Calculate the highest common factor of n and 144.
16
Suppose 0 = -2*d + 3*i + 162, -d - 4*d = -3*i - 387. What is the greatest common divisor of d and 30?
15
Suppose 4*t - 4*z - 372 = 0, 0*t - 200 = -2*t - 5*z. Let l = t + -51. Calculate the greatest common factor of l and 4.
4
Let z(v) = v + 7. Let u be z(5). What is the greatest common divisor of 18 and u?
6
Suppose 0 = 2*x - 4*x - 2. Let y be (x/(-1) - -25)*1. Let u be (-2)/6 + (-118)/(-3). What is the highest common factor of u and y?
13
Let p be ((-34)/4)/((-2)/4). Calculate the highest common divisor of p and 51.
17
Let r = 35 - -25. Let x = 4 + -1. Let d = x + 12. What is the highest common divisor of r and d?
15
Suppose -2*k + 3 = -5. Let s(d) = d**3 - 13*d**2 - 11*d + 5. Let c be s(14). Suppose -17 = 5*f - c. Calculate the highest common factor of f and k.
2
Let c(f) = -f**2 + f + 74. Let p be c(0). Suppose -4*r - p = -262. Suppose 0 = 5*o - r - 3. Calculate the highest common divisor of o and 4.
2
Suppose 5*u = 15, -3*u + 36 = 5*f - 8. Calculate the greatest common factor of f and 63.
7
Let a be 54 + (-3)/(9/6). Suppose 0 = 4*j - t - 262, t = -2*j - 4*t + 120. Suppose -j = -2*k - 3*k. What is the highest common factor of a and k?
13
Let f be -2*(-6)/8*2. Let s(m) = m**3 - 8*m**2 + 2*m - 1. Let d be s(8). Calculate the highest common factor of d and f.
3
Let h be (-6)/15 - 208/(-20). What is the greatest common divisor of 2 and h?
2
Suppose -225 = -4*f - 2*z + 33, 2*f = 5*z + 111. Suppose 0 = y + 2*y - f. What is the highest common factor of 21 and y?
21
Suppose 0 = f + 4*f. Suppose f = 5*n + 10, -4*n = 2*o - 0*n - 68. Suppose w = -0*w + 95. What is the highest common factor of w and o?
19
Suppose 50 = 3*